
3, 467
Suppose 2*k + 408 = 2*w, -300 + 108 = -w + 4*k. List the prime factors of w.
2, 13
Suppose 4*o = 34 + 154. Let r = o - -13. What are the prime factors of r?
2, 3, 5
Let a(b) = 34*b + 146. List the prime factors of a(7).
2, 3
Let n be 75 + 3/(3/(-1)). Let u = n - 68. List the prime factors of u.
2, 3
Let n = 26 + -24. Suppose -4*b + 14 = -n*b. What are the prime factors of b?
7
Let q(u) = -25*u - 190. List the prime factors of q(-21).
5, 67
Let x = 23 + -20. Suppose -2*h + 106 = x*u, -2*h + 7*h = -2*u + 287. What are the prime factors of h?
59
List the prime factors of 29 - ((-2)/8)/(8/(-160)).
2, 3
Suppose -r = -h - 72, -5*h = -4*r - 4*h + 288. Suppose 2*g - r = 5*g. Let y = g - -43. What are the prime factors of y?
19
Suppose 18*a - 22166 = 3106. What are the prime factors of a?
2, 3, 13
Let a = 134 - 126. Let o(l) = 3*l**3 - 21*l**2 + 13*l - 15. What are the prime factors of o(a)?
281
Suppose 3*z - 3*t + 2*t = 15, 15 = -5*t. Suppose q - 8 = z*w, -2*q - 4*w + 28 = -6*q. What are the prime factors of 15*(-1 - 40/q)?
5, 7
Let s(h) = h + 7. Let o be s(-9). What are the prime factors of (o/8)/((-2)/424)?
53
Suppose -4*l + l = 18. Let o be (-9)/15 + l/(-10). Let n = 10 - o. What are the prime factors of n?
2, 5
Suppose 5*t = 20, -3*b = -5*t + t + 61. Let k = b + 18. Suppose -k = m, -2*f - 12 = m - 55. What are the prime factors of f?
23
List the prime factors of 17596/10 - 144/240.
1759
Let l(b) = -60*b**2 - 3*b - 8. Let x be l(-2). Let f = 525 + x. List the prime factors of f.
283
Suppose 0 = 5*o + 5*k + 2000, 2*o + 815 = -3*k + 6*k. Let g = 684 + o. What are the prime factors of g?
281
Let q = 15 - 11. Suppose c = q*x + 580, -2*c + c = -4. List the prime factors of x/(-4) - (-12)/(-3).
2
Let x = 47 + -44. Suppose -x*l = 3*k - 123, -5*l + 8*k + 255 = 3*k. What are the prime factors of l?
2, 23
Let h(t) = -t**2 + 5*t - 5. Let p be h(7). Let r = p - -21. Suppose -r*z = -5*z + 42. What are the prime factors of z?
2, 7
What are the prime factors of (-3)/(-2) + 86180/40?
2, 7, 11
Let j(i) = i + 8. Let c be j(-5). Suppose -c*m = -5*g - 2*m + 1075, g + 5*m = 189. List the prime factors of (-20)/70 - g/(-14).
3, 5
Suppose 7*o = -o + 10632. List the prime factors of o.
3, 443
Let o = 644 + -230. List the prime factors of o.
2, 3, 23
Let v(z) = -4*z + 6. Let c be v(3). Let a be c*(-4 - (-20)/6). Suppose a*b - 3*b = 55. What are the prime factors of b?
5, 11
Suppose -2*q = -5*q - m + 1642, 2183 = 4*q - 5*m. List the prime factors of q.
547
Let v(b) = b**2 - 14*b + 2. Suppose 4*k + 28 = 4*i, -3*i = i - 3*k - 29. Suppose t + 5*m - i*m - 21 = 0, -2*t = 4*m - 22. List the prime factors of v(t).
17
What are the prime factors of (1524/10 - -2)/(8/20)?
2, 193
Let r = 34 - 30. Suppose -4 + 0 = -r*w, 0 = -3*h - 3*w + 114. What are the prime factors of h?
37
Suppose q + 11 = 16, 0 = 3*p - 5*q - 626. What are the prime factors of p?
7, 31
Let f be 10318/55 - (3/5 - 0). Suppose 3*a = 6*a + 5*o - 197, 5*o + f = 3*a. What are the prime factors of a?
2
Suppose -2*b - r = -3135, -2*b + 4*r + 1534 = -1616. What are the prime factors of b?
3, 523
Let x be 118*(-3 - -4)/2. Let k = 124 - x. List the prime factors of k.
5, 13
Let b(y) = -41*y**2 + 27*y - 19. Let u(l) = -21*l**2 + 14*l - 9. Let q(i) = -3*b(i) + 5*u(i). List the prime factors of q(3).
3, 47
Let s(q) = -4 - 8*q**2 - 3*q**3 + 3 - q + 7*q**2. Let c be s(-1). Suppose 0*g = c*g - 52. List the prime factors of g.
2, 13
Let u(p) = p**3 - 14*p**2 - 8*p - 55. What are the prime factors of u(16)?
7, 47
Let k = 94 + -185. Let c = 58 + -190. Let r = k - c. List the prime factors of r.
41
Let g = 147 + -34. What are the prime factors of g?
113
Suppose 0 = -5*w - 1261 + 5886. List the prime factors of w.
5, 37
Suppose -781*p + 772*p = -23958. What are the prime factors of p?
2, 11
Suppose 0 = -2*t + 5*i + 50, 3*t - 2*i - 44 = 42. Let u = t + 54. List the prime factors of u.
2, 3, 7
Suppose -157*u - 4872 = -159*u. What are the prime factors of u?
2, 3, 7, 29
Suppose 1383*t - 1388*t = -3550. List the prime factors of t.
2, 5, 71
What are the prime factors of 14/91 + (-3)/(-78)*802?
31
Let w(d) = -d**2 - 17*d - 14. Let a(q) = -17*q - 14. Let g(t) = 2*a(t) - 3*w(t). What are the prime factors of g(-6)?
2, 5
Let z(l) = l**3 + 3*l**2 - 2*l. Let d be z(-4). Let k(r) = 6*r**2 + 15*r - 16. What are the prime factors of k(d)?
2, 31
Suppose 48*l = 44*l. Suppose l = o + 12*o - 3224. What are the prime factors of o?
2, 31
Let z be (-10)/45 + 94/18. Suppose -3*u = z - 14. Suppose 2*l - 3*n - 63 = 0, 2 + 1 = -u*n. What are the prime factors of l?
2, 3, 5
Suppose -3*g = -12, -2*k = 2*k - 4*g + 4. Suppose k*r + 2*x - 220 = 0, 4*x - 37 = 4*r - 297. What are the prime factors of r?
2, 5, 7
Let g be (-49)/35 + (-370)/(-50). Let h(q) = q - 4. Let c be h(6). List the prime factors of (c - -1 - g) + 33.
2, 3, 5
Let o = 10265 - 7011. List the prime factors of o.
2, 1627
Let h(w) = w**3 - 9*w**2 + 17*w - 17. Let o be h(7). Suppose -3*l + 5*n - 2 = 3*n, -o*l - n = -12. What are the prime factors of l?
2
Let s = -6 - -14. Let m = -4 + s. Suppose m*f = -4 + 28. What are the prime factors of f?
2, 3
Let j be (10/65 - (-80)/(-13))/(-1). What are the prime factors of (-4)/(9/((-3807)/j))?
2, 3, 47
Suppose -2*n - 2973 = -2*h - 9091, 5*n + 4*h - 15322 = 0. List the prime factors of n.
2, 1531
Let d(p) = -p**3 - 4*p**2 - p - 1. Let u be 56/(-35)*(-10)/(-4). Let s be d(u). Suppose -s*t - 22 = -5*t. List the prime factors of t.
11
Let d = 180 + -96. Suppose -5*w + d = -61. Suppose -4*g + 75 = -w. List the prime factors of g.
2, 13
Let s(r) = -2*r - 130. Let i be s(0). Let o = -61 - i. What are the prime factors of o?
3, 23
Let x = 53 + -48. Suppose c - 266 = -x*u + 2*u, -3*c - 359 = -4*u. What are the prime factors of u?
89
Suppose v + 3*f = -13, -f + 6*f = v - 27. Suppose 2*k + v*z - 18 = -k, 18 = 3*k + 3*z. Let w = 30 - k. List the prime factors of w.
2, 3
Let x(z) = 86*z**2 + 2*z. Let b be x(2). List the prime factors of (b/21)/(8/28).
2, 29
Suppose -4*p + k + 6732 = 0, 0*k = -k. List the prime factors of p.
3, 11, 17
Let m(w) = 7*w**2 + 37*w - 34. What are the prime factors of m(-10)?
2, 37
Suppose -2*x + 10 = 0, -4*r + 2*x - 7 = -x. List the prime factors of r/14 - 2096/(-28).
3, 5
Suppose 0*i = 2*i. Suppose -16*x + 13*x + 450 = i. What are the prime factors of x?
2, 3, 5
Let i(v) be the third derivative of 0*v - 1/24*v**4 + 0 + 6*v**2 + 1/60*v**5 + 11/6*v**3. List the prime factors of i(5).
31
Suppose 4*h + h = 1080. Suppose 2*i = -2*i + h. List the prime factors of i.
2, 3
Let f(j) = 10*j + 2. Let k(t) = t. Let h(x) = f(x) - k(x). List the prime factors of h(5).
47
Let b(t) be the third derivative of t**6/120 - t**5/20 + 5*t**4/24 + 7*t**3/6 - 11*t**2. What are the prime factors of b(5)?
2, 41
Suppose -6*z - 5*a + 3097 = -3*z, 3133 = 3*z - 4*a. What are the prime factors of z?
1039
List the prime factors of 0 + (-1)/5 - 57857/(-235).
2, 3, 41
Suppose -l + 7263 = 2*z + 1950, 2*l - 10618 = 4*z. List the prime factors of l.
47, 113
List the prime factors of ((-664)/10 + 0)*10165/(-214).
2, 19, 83
Suppose 3 + 2 = -5*s + 5*t, 5*s = -4*t + 22. Let v(y) = 4*y - 25. Let g be v(20). Suppose 0 = s*d - 7*d + g. What are the prime factors of d?
11
Suppose -4*y + 3*v = -y + 120, -3*y - 2*v - 105 = 0. Let x = 61 + y. Suppose 2*m - x - 24 = 0. List the prime factors of m.
2, 3
Suppose -59*b + 66*b = 14077. What are the prime factors of b?
2011
Suppose 0 = -2*k - s + 3, 2*k + 8*s - 3*s = 15. Suppose -4*o = -k*o - 536. What are the prime factors of 2/8 + o/8?
17
Let q = 21 + -13. Suppose 0 = -2*r - 0 - q. Let n(z) = -2*z + 3. What are the prime factors of n(r)?
11
Let o(j) = 10*j**2 - 95*j - 9. What are the prime factors of o(22)?
2741
Suppose -2*w + 2*b = 964, -2*w + 1436 = -5*w + 5*b. Let y = -347 - w. List the prime factors of y.
2, 5, 7
Suppose -2*o + 2 + 0 = 0. Suppose 2*d + 4*h = 4*d + 10, -5*d - 3*h + o = 0. List the prime factors of (d + 0)/(2/(-58)).
29
Let d = -43 - -43. Let q(g) be the second derivative of g**5/20 + g**4/12 + 37*g**2/2 + g. List the prime factors of q(d).
37
Suppose -8*r + 235 + 853 = 0. What are the prime factors of r?
2, 17
Let k be (-20)/(-60)*(3*-4)/(-2). List the prime factors of (-8 + 2)*k/3 + 250.
2, 3, 41
Let t be 299 - -2 